(base 8) to base 13
742
What is -4a06 (base 11) in base 14?
-2552
Convert 235 (base 9) to base 7.
365
What is -15635 (base 12) in base 9?
-45475
What is -1103030 (base 4) in base 11?
-4000
Convert 7fc (base 16) to base 4.
133330
Convert -20513 (base 7) to base 5.
-130212
-14301 (base 5) to base 8
-2261
Convert -4056 (base 9) to base 8.
-5627
-101001010 (base 2) to base 12
-236
Convert 4886 (base 16) to base 11.
12a49
Convert -1241 (base 10) to base 15.
-57b
Convert -6a5 (base 12) to base 2.
-1111011101
b005 (base 12) to base 16
4a45
Convert -23331 (base 5) to base 14.
-8a8
Convert 71 (base 13) to base 15.
62
-2223 (base 5) to base 4
-10321
What is 1b5a1 (base 12) in base 3?
2001200011
What is 115 (base 15) in base 3?
100002
Convert -a600 (base 11) to base 15.
-425b
Convert 25340 (base 6) to base 16.
edc
-aa8 (base 13) to base 9
-2451
Convert -1102111 (base 4) to base 7.
-21235
Convert -1c15 (base 13) to base 2.
-1000010010011
2201100 (base 3) to base 4
132330
What is -37 (base 8) in base 2?
-11111
Convert -714 (base 11) to base 8.
-1536
3b33 (base 13) to base 16
212c
Convert -2848 (base 9) to base 12.
-12b2
Convert b33 (base 16) to base 11.
2177
-244 (base 13) to base 5
-3034
What is 2221 (base 6) in base 13?
30a
What is -1101000011010 (base 2) in base 5?
-203212
3887 (base 9) to base 4
231202
Convert da2 (base 15) to base 16.
c05
Convert 3154 (base 9) to base 5.
33232
341 (base 16) to base 11
698
What is 40210 (base 5) in base 15?
b55
What is -4513 (base 8) in base 13?
-1110
What is 1108 (base 14) in base 4?
232010
686 (base 11) to base 15
39a
Convert -4763 (base 11) to base 10.
-6240
Convert -111210 (base 3) to base 16.
-174
533 (base 11) to base 12
455
What is -1020 (base 5) in base 16?
-87
-355434 (base 6) to base 16
-794e
c0 (base 14) to base 10
168
1040 (base 16) to base 8
10100
What is -27a1 (base 12) in base 16?
-11e9
Convert 10000001101 (base 2) to base 8.
2015
What is 2053 (base 6) in base 12?
329
What is 46717 (base 9) in base 12?
16081
What is 10211 (base 3) in base 15?
6d
Convert -444 (base 5) to base 4.
-1330
Convert -10010000100000 (base 2) to base 12.
-5428
What is -100101000111101 (base 2) in base 13?
-885c
-4467 (base 8) to base 2
-100100110111
What is 598 (base 13) in base 14?
4d4
2265 (base 11) to base 10
2975
What is -2000 (base 6) in base 4?
-12300
-124 (base 14) to base 11
-198
What is 111231 (base 4) in base 15?
629
Convert -3211 (base 6) to base 16.
-2d7
Convert 12398 (base 13) to base 10.
33587
What is 101011100 (base 2) in base 13?
20a
443c (base 15) to base 12
8449
What is -20000 (base 7) in base 10?
-4802
e5b (base 15) to base 3
11102212
What is -2211001 (base 3) in base 13?
-c1c
Convert 32004 (base 7) to base 14.
2c3b
Convert -88 (base 9) to base 15.
-55
What is b7d (base 16) in base 7?
11401
-13a1a (base 13) to base 15
-adca
What is 6709 (base 12) in base 7?
45123
-1253 (base 8) to base 4
-22223
Convert -7d9a (base 15) to base 2.
-110100001000111
Convert 34631 (base 9) to base 2.
101101001001001
Convert -63535 (base 7) to base 13.
-71c2
What is 576 (base 8) in base 14?
1d4
Convert -26478 (base 9) to base 3.
-220112122
What is -3502 (base 7) in base 15?
-5a1
What is de0 (base 16) in base 13?
1803
Convert 513 (base 9) to base 14.
21b
What is 7894 (base 11) in base 6?
120032
What is -2101222 (base 3) in base 15?
-7be
What is -1332 (base 7) in base 5?
-4023
36237 (base 10) to base 14
d2c5
-391 (base 12) to base 6
-2301
87b (base 13) to base 3
1222212
What is -c85 (base 15) in base 10?
-2825
Convert -12302022 (base 4) to base 7.
-144003
Convert -14226 (base 13) to base 6.
-450343
Convert -a701 (base 11) to base 9.
-21371
What is 11212210 (base 3) in base 15?
10c3
Convert 21421 (base 5) to base 8.
2716
Convert 237b (base 15) to base 14.
2a69
What is 26615 (base 9) in base 3?
220200112
Convert 111201011 (base 3) to base 16.
270a
Convert -82c7 (base 14) to base 4.
-11133313
142417 (base 8) to base 4
30110033
What is 2732 (base 10) in base 8?
5254
What is -45a (base 11) in base 7?
-1413
Convert -111b (base 12) to base 8.
-3547
14023 (base 5) to base 13
697
-429 (base 10) to base 11
-360
-12112210 (base 3) to base 14
-168c
What is 308 (base 11) in base 7?
1040
Convert -2216 (base 7) to base 9.
-1075
Convert -5d4 (base 15) to base 8.
-2454
1313120 (base 4) to base 2
1110111011000
What is 13117 (base 8) in base 7?
22436
What is -414 (base 15) in base 5?
-12134
-4db6 (base 15) to base 2
-100000011010100
What is -33133 (base 5) in base 7?
-6454
98 (base 13) to base 4
1331
-27078 (base 9) to base 7
-104225
Convert d852 (base 15) to base 10.
45752
Convert -380 (base 12) to base 16.
-210
14b (base 12) to base 4
3023
Convert 326 (base 11) to base 15.
1b1
What is -2200011002 (base 3) in base 11?
-36577
What is 380 (base 9) in base 11?
267
Convert -28a (base 11) to base 13.
-202
What is 120123 (base 4) in base 10?
1563
Convert -1a10a (base 12) to base 5.
-2210140
Convert 11022000 (base 3) to base 15.
ddc
Convert 22200 (base 3) to base 4.
3222
Convert -db9 (base 15) to base 12.
-1963
Convert -613 (base 12) to base 2.
-1101101111
What is -256 (base 7) in base 9?
-164
3922 (base 15) to base 14
4622
Convert 2031010 (base 4) to base 16.
2344
-125 (base 8) to base 14
-61
Convert 9b3c (base 13) to base 5.
1143213
Convert 365 (base 9) to base 6.
1222
1626 (base 7) to base 10
657
-13207 (base 8) to base 15
-1a97
What is 9974 (base 10) in base 5?
304344
Convert -14041 (base 8) to base 10.
-6177
What is 12542 (base 6) in base 3?
2122122
What is 3766 (base 15) in base 11?
8954
2332 (base 8) to base 12
876
What is -2212034 (base 5) in base 2?
-1001010111111010
-9a41 (base 11) to base 5
-410414
Convert 2801 (base 16) to base 9.
15038
Convert 120330 (base 4) to base 8.
3074
What is 1003310 (base 6) in base 15?
e0b3
Convert -37c7 (base 14) to base 12.
-57ab
What is -5255 (base 6) in base 16?
-4a3
What is -11100001111011 (base 2) in base 6?
-150535
-9159 (base 10) to base 4
-2033013
2011100 (base 3) to base 7
4410
Convert -5952 (base 11) to base 4.
-1321321
13113 (base 4) to base 13
2a3
1868 (base 10) to base 16
74c
-100011010011 (base 2) to base 5
-33014
-340132 (base 6) to base 15
-86e8
What is -111100101110 (base 2) in base 5?
-111021
a80 (base 14) to base 4
200120
Convert 331 (base 10) to base 16.
14b
Convert 1010011111100 (base 2) to base 12.
3138
What is -50644 (base 7) in base 4?
-3000223
8a (base 11) to base 12
82
Convert 40 (base 11) to base 15.
2e
504 (base 8) to base 12
230
-2a (base 14) to base 12
-32
Convert -144bb (base 12) to base 4.
-12323033
111011000000 (base 2) to base 11
2923
Convert -101010000010 (base 2) to base 13.
-12bc
-10767 (base 8) to base 14
-1967
355 (base 14) to base 3
220120
87b (base 13) to base 6
10422
What is 3627 (base 12) in base 6?
44051
What is 27317 (base 9) in base 6?
221324
-2001 (base 10) to base 9
-2663
111111 (base 3) to base 13
220
Convert -14050 (base 8) to base 12.
-36b4
1d2d (base 16) to base 7
30530
-47 (base 11) to base 9
-56
What is -3753 (base 9) in base 3?
-10211210
What is 25e (base 16) in base 8?
1136
Convert -50452 (base 10) to base 2.
-1100010100010100
Convert 165744 (base 8) to base 11.
41409
-110021 (base 3) to base 16
-14b
-120033 (base 4) to base 10
-1551
2405 (base 6) to base 10
581
What is 104442 (base 5) in base 12?
2203
What is -510 (base 10) in base 16?
-1fe
763 (base 8) to base 2
111110011
-13a33 (base 11) to base 2
-100110110101000
Convert -12296 (base 10) to base 14.
-46a4
What is -3b4c (base 14) in base 5?
-313311
What is 112131 (base 4) in base 11?
1097
11010001101111 (base 2) to base 10
13423
Convert -666 (base 10) to base 3.
-220200
-14363 (base 12) to base 5
-1400110
What is 11101110111010 (base 2) in base 10?
15290
Convert 417 (base 11) to base 16.
1f6
-4757 (base 10) to base 4
-1022111
3112 (base 6) to base 7
2006
Convert 11110100111 (base 2) to base 3.
2200120
-707 (base 9) to base 14
-2d0
Convert 813 (base 9) to base 16.
294
Convert 100011010 (base 2) to base 6.
1150
What is 34 (base 16) in base 13?
40
-609 (base 15) to base 16
-54f
-831 (base 11) to base 8
-1752
10213111 (base 4) to base 5
1101101
Convert -6c20 (base 16) to base 5.
-1341210
Convert -110031 (base 7) to base 3.
-222101020
Convert -41304 (base 9) to base 7.
-142234
What is -2020 (base 5) in base 13?
-1